z be (-15)/(3 - 6) + 9. Let f(q) = q - z + 22 - 11. What are the prime factors of f(17)?
2, 7
Let t = -1200 + 714. Let c = t - -1252. What are the prime factors of c?
2, 383
Let m = 50507 - 29699. List the prime factors of m.
2, 3, 17
Suppose -5*a = 3*g - 157483, -15*a + 94501 = -12*a - g. What are the prime factors of a?
13, 2423
Let t = -86 + 88. Suppose 0 = t*x + 4*b - b + 1, 0 = x - 5*b - 19. Let v(a) = 15*a**2 - 9*a + 15. List the prime factors of v(x).
3, 73
Let g be (2*-1 - -2) + -22 + 565. Suppose -s + 498 = -5*x, -s - 20*x + g = -16*x. What are the prime factors of s?
523
List the prime factors of -148*(788/(-16) + 9).
7, 23, 37
List the prime factors of 54220/(-4 + 9) + (-12)/(-3).
2, 3, 113
Suppose -5*c = 5*z - 9495, -16*c + 14*c - 5712 = -3*z. What are the prime factors of z?
2, 3, 317
Suppose 4*m = -g + 105, 0 = g - 3*g - 6. Let a = -22 + m. Suppose i + 69 = p, -19 - 119 = -2*p - a*i. List the prime factors of p.
3, 23
Suppose 8*v - 504194 + 7069 = -17*v. What are the prime factors of v?
5, 41, 97
Let w(k) = 3*k**2 - 12*k + 56. Let c be (-17)/(4/2 + -3). List the prime factors of w(c).
719
Suppose -43*z = -49*z + 2388. List the prime factors of z.
2, 199
Suppose 0 = 3*a - 5*f + f - 16, 4*f + 4 = 0. Let l be a/(-1)*4/(16/(-3)). Suppose -2*s = -1 + 5, -l*s = -5*k + 621. What are the prime factors of k?
3, 41
Suppose -y + 16169 = -2*i, 22*i = 4*y + 24*i - 64696. List the prime factors of y.
3, 599
Let d(f) = 3*f + 33. Let b be d(-11). Let p be ((-30)/(-5) - 0) + 2 + b. What are the prime factors of 0 - -64 - 0/p?
2
Suppose -23*i + 62 = -582. Suppose 3822 = 3*z - 4*n, 0 = -z + 26*n - i*n + 1264. List the prime factors of z.
2, 5, 127
Suppose 0 = 8*a + 7*a + 7620. Let v = a + 958. What are the prime factors of v?
2, 3, 5
Suppose 21*p = 8*p + 507. Suppose 27544 = p*g - 8609. What are the prime factors of g?
3, 103
Let o(v) = 4*v - 17. Let y be o(13). Let d = 23 - y. What are the prime factors of (-9)/(-12) + (-663)/d?
2, 7
Suppose 238 = 2*r + 15*r. Suppose -3549 - 3115 = -r*h. List the prime factors of h.
2, 7, 17
Let r(p) = 6052*p - 932. What are the prime factors of r(7)?
2, 5179
Let k be 2 + (-48)/(-6) + 189/(-9). Suppose 4*v = 3*o + 180, v - 3*v + 108 = 3*o. Let f = v - k. What are the prime factors of f?
59
Suppose 2*v + 23010 = 5*n, 2*n - 9204 = -116*v + 112*v. What are the prime factors of n?
2, 3, 13, 59
Let p be (-20)/6*(-3 - (3 - 3)). Suppose 12*a = p*a. Suppose a = 4*i + 40 - 116. List the prime factors of i.
19
Let t = -1944 + 3500. Let p = t + -874. What are the prime factors of p?
2, 11, 31
Let p = -190 + 190. Suppose -2*t + 3*d + d + 276 = 0, p = -d - 4. What are the prime factors of t?
2, 5, 13
Suppose y = -5, -2*v + 21467 = -46*y + 41*y. List the prime factors of v.
71, 151
Let k be (-4)/10 + (-3639)/15*1. Let a = k - -61. What are the prime factors of a/(-39)*33*1?
2, 7, 11
Let b be 1 - 7 - -5 - -21. Let i(a) = -a**3 + 24*a**2 - 36*a - 63. What are the prime factors of i(b)?
19, 43
Suppose -135*d = -140*d + 650. Let l = -10 + 6. What are the prime factors of 16100/d - l/26?
2, 31
Let p(q) = -q**3 - 12*q**2 + 28*q + 5. Let u be p(-14). Suppose -u*g - 15 + 10 = 0. List the prime factors of 144 + (-2 - 6*g).
2, 37
Let p(t) = -6054*t - 6092. List the prime factors of p(-7).
2, 18143
Suppose 723*o - 42 = 717*o. Suppose -11*a + 68 = -o*a. List the prime factors of a.
17
Suppose -3574503 = -59*l - 79*l + 15*l. List the prime factors of l.
3, 3229
Let j = 48 - 80. Let p = j - -22. Let k(m) = -m**3 - 9*m**2 + 7*m + 11. List the prime factors of k(p).
41
Let r(h) = 45*h + 90. Let z(w) = w + 2. Let q(g) = -r(g) + 36*z(g). Let p be q(-3). Suppose -p*k - 54 = -909. List the prime factors of k.
5, 19
Suppose 0 = -6*r + 2*r + 16. Suppose 81 = n - r*n. Let s = 83 + n. List the prime factors of s.
2, 7
Let s be (-858)/182 - 2/7. Let z(q) = -q**3 - 9*q**2 - q + 20. Let k be z(-9). Let r = k - s. What are the prime factors of r?
2, 17
Let l be 256/(-832) + 138/26. Let g be (2/(-6))/(2/(-60)). What are the prime factors of (l/(-10) - -1)*g?
5
Suppose -39*u = -36*u - 1515. List the prime factors of u.
5, 101
Let o = -156 + 149. Let h(k) = -2*k**3 + 2*k**2 + 14*k - 54. What are the prime factors of h(o)?
2, 79
Suppose -4 = -4*l, l - 1236 = -3*q - 2*l. What are the prime factors of q?
3, 137
Suppose -148884 = -29*p - 23575. What are the prime factors of p?
29, 149
Let c(v) = 9*v + 5. Let o be c(-7). Let n be (-2 + o)/(-3 + 84/32). Suppose n = 4*w + x, 0 = -2*w - 3*w - x + 199. What are the prime factors of w?
3, 13
Suppose 3693 + 2077107 = 68*r. What are the prime factors of r?
2, 3, 5, 17
Let b(a) = 141*a**2 - 143*a + 2075. List the prime factors of b(18).
5, 7, 1291
Let g(n) = n**3 + 12*n**2 + 4*n + 62. Let w be g(-12). List the prime factors of ((-693)/w)/(3*(-1)/48).
2, 3, 11
Suppose -j - 1315 = 4*j - 13380. List the prime factors of j.
19, 127
Let b be 18/(-4)*40/(-30). Let x be (8 - b) + 4*37. Let l = x + -68. List the prime factors of l.
2, 41
What are the prime factors of ((-458)/(-4))/((-17)/170*(-10)/118)?
59, 229
Let v = -6142 + 10405. What are the prime factors of v?
3, 7, 29
Suppose 10 = -v - 5*n, 0*v - 3*n - 24 = -3*v. Suppose 2*c - 2476 = -v*k, -k = 5*c + 61 - 570. Suppose -7*j + k = -5*j. What are the prime factors of j?
13, 19
Suppose -12*z - 106135 = -273847. List the prime factors of z.
2, 1747
Suppose -3*o = -12*o + 3096. List the prime factors of (5 - 6) + 6 + o.
349
Let u = -6788 - -13176. List the prime factors of u.
2, 1597
Suppose -25464 - 153624 = -6*k. List the prime factors of k.
2, 7, 13, 41
Suppose s - 5 = 2*u + 2*s, 4*u - 2*s + 14 = 0. Let j(n) = 2*n**2 - 7*n - 2. What are the prime factors of j(u)?
37
Let w = 35408 + -19496. List the prime factors of (w/(-52))/(-1 - 1).
3, 17
Suppose -2*w + 10 = -0. Suppose w*l + 3*u + 14 = 0, -l + 5*u - 26 = 3*l. Let o = l - -39. What are the prime factors of o?
5, 7
Let j = 37962 - 19029. List the prime factors of j.
3, 6311
Let p = -32 + 38. Suppose -8*c + 9*c - p = 0. List the prime factors of (-4959)/(-39) + c/(-39).
127
Suppose 2*x = -4*d + 3690, 10*d + x = 9*d + 925. Suppose 5*t - 3*b = d + 3368, -5*t + b = -4296. List the prime factors of t.
2, 5, 43
Let p = 1479 - 722. Let m = 798 - p. What are the prime factors of m?
41
Suppose 0 = -w + 3*s - 10, -7*w = -4*w + 5*s + 2. Let p be -2 - 27*(w + 2). Let o = p - 14. List the prime factors of o.
2, 19
Let j = 802 - 1741. Let d = -508 - j. What are the prime factors of d?
431
Let g = 44 - 79. Suppose 0 = -5*w + o - 10, 3*w + o = 3*o - 6. Let k = w - g. List the prime factors of k.
3, 11
Let u(l) = -l. Let o = 99 - 103. Let f be u(o). Suppose 0 = -f*b + 276 + 464. What are the prime factors of b?
5, 37
Let m = -172 - -561. Suppose 5*k - m = -3*a, 4*a + 5*k = 584 - 72. What are the prime factors of a?
3, 41
Suppose -a - 3*p = -5693, -4*p = 57*a - 55*a - 11382. List the prime factors of a.
11, 47
Suppose 2*k = -3*a - 51, 3*a = 3*k - 0*k - 36. Let y = a + 26. Suppose 0 = -14*l + y*l + 240. What are the prime factors of l?
2, 5
Let m be (-16)/(-5) + 8/10. Suppose -m*c - 2*w + 6128 = 0, 0 = -c - 2*c + 3*w + 4596. List the prime factors of c.
2, 383
Suppose -107077 + 132576 - 507474 = -65*u. List the prime factors of u.
5, 1483
Let v(g) = -g**3 + g**2 + g. Let x(d) = 2*d**3 - 10*d**2 + 6*d - 11. Let q(s) = 4*v(s) + x(s). Let b be q(-6). List the prime factors of -4 - ((-4)/2 - b).
11, 13
What are the prime factors of (29997/(-132))/(((-6)/(-70))/(8/(-14)))?
3, 5, 101
Suppose -5*j + 236993 + 26083 = 3*d, -2*j = 18. What are the prime factors of d?
229, 383
What are the prime factors of 22594 + (-162)/18 + 14?
3, 31
Suppose 40 = 4*o - 3*h, o - 5 = 2*o + 3*h. Let a(u) = u**2 + 14*u - 2. Let d(s) = s**2 + 2*s. Let j(t) = -a(t) + 4*d(t). List the prime factors of j(o).
107
Let c(m) = 7*m**2 - 2*m**2 - 6*m**2 + 2 + 6*m. Let k be c(5). List the prime factors of 160*k/14*(-1 + 2).
2, 5
Let b(f) = 8*f**2 + 64*f + 3. Let l be b(-8). Suppose -4*h + l*h = -507. What are the prime factors of h?
3, 13
Let k(q) = q**3 + 11*q**2 + 7*q + 19. Let w be k(-10). Suppose -5*f + 409 = 2*x, 5*x + w = 3*f - 184. Let v = -43 + f. List the prime factors of v.
2, 19
What are the prime factors of (1 + -7)/(11 + 50199/(-4563))?
3, 13
Suppose 37*g + 69006 =